13, what is 13079 - 26b?
12b0b
In base 7, what is -6 - 222362221?
-222362230
In base 16, what is bdb + 196d7?
1a2b2
In base 5, what is -2 + 311222211214?
311222211212
In base 16, what is f1ceb9 - -13?
f1cecc
In base 4, what is 101211 - -3121200101?
3121301312
In base 5, what is 133332332134 + -13?
133332332121
In base 4, what is -22 + -32131123311?
-32131123333
In base 6, what is -142250022 + -5?
-142250031
In base 9, what is -3763171 - -4?
-3763166
In base 14, what is 13927 + -808?
1311d
In base 3, what is 222211022 + 112111012?
1112022111
In base 12, what is 11 - -67b6b7?
67b708
In base 13, what is -81 - -193a3b?
19398a
In base 11, what is -1689530 + -2?
-1689532
In base 8, what is -14215 - -31644?
15427
In base 14, what is 244 + -1a?
228
In base 13, what is 0 - -cc8714?
cc8714
In base 9, what is -28203788 - -83?
-28203705
In base 8, what is 3 - -1731664?
1731667
In base 14, what is 10629 - -5396?
159c1
In base 4, what is 1 + -30221020020?
-30221020013
In base 13, what is 2 + -c9a68?
-c9a66
In base 14, what is -15 + -167298?
-1672ad
In base 2, what is -10101000010000000110000 + -10?
-10101000010000000110010
In base 14, what is 83 - -6a6?
749
In base 15, what is -14 + -12191?
-121a5
In base 14, what is -39792 - -1b?
-39775
In base 6, what is 1342553 + -33511?
1305042
In base 2, what is 11010011110110110110001010 + -11?
11010011110110110110000111
In base 14, what is -436 + -7316?
-774c
In base 11, what is -1099286 - 78?
-1099353
In base 2, what is 1000010100110 + 1111101110?
1010010010100
In base 9, what is 1046 - -364854?
366011
In base 13, what is -2598 + 11989?
c3c1
In base 9, what is 130563 - 66?
130486
In base 12, what is -2a52 - -3148a?
2a638
In base 12, what is -2 + 6355b?
63559
In base 11, what is 5 - 700403?
-7003a9
In base 3, what is -20120220100200 + 10?
-20120220100120
In base 3, what is -102200202120 + -2222211?
-102210202101
In base 15, what is 527b4c7 + -2?
527b4c5
In base 4, what is 2 + 2003002101330?
2003002101332
In base 11, what is 128 - -11a61?
12089
In base 9, what is 66537 + 15050?
82587
In base 5, what is -3410321142 - 3?
-3410321200
In base 4, what is -11022300001300 - 1?
-11022300001301
In base 11, what is 2 - 416aa64?
-416aa62
In base 5, what is -1023 + 1010304?
1004231
In base 8, what is -4445145615 - 1?
-4445145616
In base 4, what is 132010112133 - -23?
132010112222
In base 11, what is 29232 - 87?
29156
In base 15, what is 23e + 831b0?
833ee
In base 9, what is -4 - 2206421?
-2206425
In base 3, what is 201100101201 + 1210?
201100110111
In base 4, what is -1222122302211 - 102?
-1222122302313
In base 5, what is -33 - 13244322000?
-13244322033
In base 8, what is 2163043 + -704?
2162137
In base 14, what is -1d + 7d4589?
7d456a
In base 12, what is 88 - -5754a1?
575569
In base 11, what is 6341 + -461?
5990
In base 5, what is -111000 - 104324?
-220324
In base 2, what is 11010011101011100001001 + 11?
11010011101011100001100
In base 4, what is 3 + -230123001100?
-230123001031
In base 4, what is -22 - -1133323313?
1133323231
In base 15, what is 1 - -1b627be?
1b627c0
In base 10, what is 924 - -91438?
92362
In base 11, what is 1576a62 - 133?
157692a
In base 12, what is 1021572 + -a6?
1021488
In base 14, what is -2c3a53 + -7?
-2c3a5a
In base 9, what is 463 - -17832?
18405
In base 2, what is -101 - 100100001000111010000011000?
-100100001000111010000011101
In base 11, what is 5a - -77789?
77838
In base 10, what is -3433 + -742?
-4175
In base 14, what is -21872a + 8?
-218722
In base 8, what is 15066555 + 36?
15066613
In base 15, what is e0eaaad - -5?
e0eaab3
In base 4, what is 311010 - 13010?
232000
In base 2, what is 100010111101000001100001011100 - -10?
100010111101000001100001011110
In base 7, what is 6253 + 143516?
153102
In base 9, what is -36 - -761713?
761666
In base 12, what is 440859b + 0?
440859b
In base 7, what is 5 + 26366503?
26366511
In base 14, what is 2 + 28662b?
28662d
In base 11, what is -569911a7 - -1?
-569911a6
In base 13, what is 888 + 28b0?
3468
In base 8, what is 72143 - -215?
72360
In base 9, what is 4462 + 53201?
57663
In base 4, what is -20 + -13223132111?
-13223132131
In base 2, what is -11 - 10111010110110001010000010?
-10111010110110001010000101
In base 8, what is -10 - 2146533?
-2146543
In base 11, what is 4671 + -48231?
-43670
In base 13, what is 1 - -a5b3a?
a5b3b
In base 16, what is 2 - -235beb?
235bed
In base 15, what is -b5 - 1c566c?
-1c5732
In base 5, what is -104013 + 224210?
120142
In base 12, what is -498b76a - -5?
-498b765
In base 10, what is -99 - 45471?
-45570
In base 4, what is 301203 + -1030230303?
-1023323100
In base 13, what is 180 - -1287a?
12a2a
In base 13, what is 823 + -475c?
-3c39
In base 3, what is -1020201120222 + -102002?
-1020202000001
In base 6, what is 12255005 + 503?
12255512
In base 7, what is -34 - -601310?
601243
In base 6, what is 10310324134 + 0?
10310324134
In base 16, what is -3eec0c2 + -1?
-3eec0c3
In base 8, what is -30 - 157407?
-157437
In base 2, what is 101100010 + 111100111001?
1000010011011
In base 12, what is 3b7a2 + -13b?
3b663
In base 13, what is 5239606 + 2?
5239608
In base 9, what is -62 + 584313?
584241
In base 5, what is -2 + 104210011033?
104210011031
In base 5, what is 100320332 - -3?
100320340
In base 11, what is -35 - 60438?
-60472
In base 3, what is 122011 + 201000102?
201122120
In base 7, what is -303032621 - -1?
-303032620
In base 10, what is 2 - 3795737?
-3795735
In base 2, what is 111100 - -1010000010010111101?
1010000010011111001
In base 16, what is eece + 10?
eede
In base 2, what is 1100011101 - 1001000110?
11010111
In base 12, what is -6 - -834776?
834770
In base 10, what is -588 - 1949110?
-1949698
In base 5, what is 1 + 14140144?
14140200
In base 10, what is -433282 + -12?
-433294
In base 5, what is 42204244320 - 11?
42204244304
In base 12, what is 5 - 124a26a9?
-124a26a4
In base 7, what is -1101 + -603066?
-604200
In base 9, what is 2 + -11542305?
-11542303
In base 13, what is 9030c41 + 4?
9030c45
In base 15, what is 8a843d9 + -3?
8a843d6
In base 2, what is -10 - 101101100101110100000000100?
-101101100101110100000000110
In base 10, what is -12927 - -840?
-12087
In base 15, what is b8b8b71 + 0?
b8b8b71
In base 16, what is -2f9 + -bc33e?
-bc637
In base 13, what is 2b4a6674 - -4?
2b4a6678
In base 8, what is 52115455 - 4?
52115451
In base 5, what is 20 + 202124200?
202124220
In base 16, what is -145a + 19a?
-12c0
In base 5, what is 210311 - -3040?
213401
In base 6, what is 442424 - 111215?
331205
In base 14, what is 9 + 54746dd?
5474708
In base 5, what is -11132301 - -21000?
-11111301
In base 4, what is -101023113 - -3?
-101023110
In base 4, what is -2 - -3002213130321?
3002213130313
In base 3, what is 1100211001210 - 20?
1100211001120
In base 7, what is -5 - -40511220?
40511212
In base 6, what is 3231133534 - -2?
3231133540
In base 13, what is -2253 + 9b9c?
7949
In base 10, what is -1091 + 25?
-1066
In base 13, what is -1327 - -20?
-1307
In base 7, what is -155103 + 141230?
-13543
In base 3, what is -1002 - -111221101021102?
111221101020100
In base 11, what is -11699981 + -3?
-11699984
In base 15, what is 30b2a66 + -1?
30b2a65
In base 6, what is -13 + 302251321?
302251304
In base 11, what is 5500 - 1682?
3929
In base 15, what is -4d6968 - -16?
-4d6952
In base 7, what is -3 - 11515240?
-11515243
In base 6, what is -3 + 13213132303?
13213132300
In base 7, what is -16033 - -103452?
54416
In base 2, what is -1011111100100011111 + -1?
-1011111100100100000
In base 12, what is -1b1 + -4a73a?
-4a92b
In base 9, what is -3371 - -17832?
14451
In base 12, what is -7 - -36ab16?
36ab0b
In base 15, what is -66c + -cad?
-142a
In base 5, what is 20233004 - -22?
20233031
In base 9, what is 423 - -1223751?
1224274
In base 11, what is 8 + -1595a601?
-1595a5a4
In base 6, what is 133413340 - -31?
133413411
In base 10, what is 0 - -10021609?
10021609
In base 11, what is -17 + 2870793?
2870777
In base 9, what is -334 - -6560641?
6560306
In base 7, what is 42611000 + -6?
42610661
In base 7, what is -6 - -12415354?
12415345
In base 10, what is 1 + -12987291?
-12987290
In base 12, what is -2042 - 112?
-2154
In base 13, what is -2bba9 + -216?
-2c0c2
In base 14, what is 49 + -670cc?
-67083
In base 5, what is 103 - 10132223?
-10132120
In base 13, what is -5 + -574608c?